 ((-23 - -4) + 4). Suppose -12*z - 39 = -c*z. What is the units digit of z?
9
Let a = 31 - 31. What is the units digit of (-3 - -7)*((-45)/(-4) - a)?
5
Let p(r) = r**3 + 6*r**2 - 48*r + 13. What is the thousands digit of p(16)?
4
Suppose 0 = 7*d - 4*d. Suppose 12*c - 8*c - 260 = d. What is the units digit of c?
5
Suppose -14*v - 381 = 39. What is the units digit of v/18 + 798/9?
7
Suppose 3*w - 11 = -j, 0 = -j - 2*w - 2*w + 13. Suppose -5*n - j*h = -440, 152 = 2*n + h - 5*h. What is the units digit of n?
4
Let y(o) = 2*o**2 - 2*o + 7. Let a be y(4). Suppose -2*j - a = -109. What is the units digit of j?
9
Let g(p) be the second derivative of p**5/20 + 7*p**4/6 + 3*p**3 + 9*p**2/2 - 6*p. Let n be g(-15). What is the tens digit of n/(-10) - (-16)/40?
4
Let n be 18/(-30) + 39/15. Suppose 10 = -n*r - 3*x, 0 = 4*r + 3*x + 3 + 5. What is the tens digit of (-3 + r)*(-9 - 13)?
4
Suppose 20*w - 84088 = -3*w. What is the tens digit of w?
5
Let b be (-13)/(-2) - 2/(-4). Suppose -2*p = 5*l - 37, -4*p + b*l + 9 = 4*l. Suppose p = -3*j + 3, -5*k = -5*j - 185. What is the tens digit of k?
3
Let i(k) = 5*k**2 + 4*k - 172. What is the hundreds digit of i(-14)?
7
Suppose 3*c + 4 = -c. Let r = c + 7. What is the tens digit of 134/r + (-22)/(-33)?
2
Let a = 64 + -64. Suppose -4*k + 468 = 5*y - a*k, -y + 82 = -5*k. What is the units digit of y?
2
What is the units digit of (5/(10/718))/1?
9
Suppose -w - 4*w = c + 3, 5*c - w + 15 = 0. Let l(v) = -v**3 - 3*v**2 + 4*v + 3. Let b be l(-2). What is the units digit of b*c/(18/8)?
2
Suppose 2*x + 83*h - 4521 = 78*h, 4*x + 3*h - 9063 = 0. What is the hundreds digit of x?
2
Let m = 85 + -75. Suppose 0 = -2*x + 66 + m. What is the units digit of x?
8
What is the tens digit of (-177)/(-6)*2*1 + 3?
6
Let a(w) = w**3 + w**2 - 4*w + 6. Suppose 3*m - 5 = -2*v, m + 2*v + 15 = 2*m. Let k be a(m). Suppose -k = -37*i + 33*i. What is the units digit of i?
4
Suppose -8*l + 289 = 25. Let n = l - 20. What is the tens digit of n?
1
Let d(i) = 12*i - 4. Let t be d(2). Let v be (-4 - (-92)/t)*5. Suppose v*m + 15 - 33 = 0. What is the units digit of m?
6
Let r(k) = 5*k**2 - 24*k - 4. What is the hundreds digit of r(10)?
2
What is the units digit of 3286 - (10 - (-60)/(-6))?
6
Let q(r) = 27*r**2 + 7*r + 10. Let b be q(-3). Suppose 2*h = 6*h - b. What is the tens digit of h?
5
Let u = 5245 - 2366. What is the thousands digit of u?
2
Suppose -b = 4*b. Suppose 4*m - 160 = -4*h - 28, -h + m + 39 = b. Suppose -h = -u + q + 2*q, 2*u - 78 = 4*q. What is the units digit of u?
5
Let l be -4*(-2)/(-24) - 28/(-3). Suppose l*d - 10*d = -105. What is the tens digit of d?
0
What is the hundreds digit of (-33)/(-21) + -2 + (-888318)/(-238)?
7
Let k = 72 - 144. Let v = k + 101. Let w = 55 - v. What is the units digit of w?
6
What is the units digit of (3/15*-6)/(4/(-470))?
1
Let h(n) = 70*n - 194. What is the tens digit of h(29)?
3
Suppose -3*o = -o. Suppose 25 = 5*n - o*n. Suppose -5*p = -n*q - 95, p + 5*q = 2*p - 31. What is the tens digit of p?
1
Suppose 2*h - 5*c + 10 = 0, 5*h - 2*h = 3*c + 3. Suppose -2*g - 5*k + 314 = 0, -4*g + 5*g + h*k = 162. What is the hundreds digit of g?
1
Let o(k) = 5*k**2 + k + 6. Let t be o(-3). What is the tens digit of (-6)/(183/t - 4)?
3
Suppose -29*w + 68074 + 68719 = 0. What is the hundreds digit of w?
7
Let g(r) = 0 - 5*r + 5*r**3 + 2*r + 2*r + 5*r**2 - 2. Let c be g(2). Suppose -127 = m - 3*m + 5*v, m + 5*v = c. What is the tens digit of m?
6
Let i = -1911 - -3185. What is the units digit of i?
4
Let c(d) = -d + 12. Let x be c(-12). Let r = -26 + x. What is the units digit of r/12 - (-3197)/138?
3
Let f(m) = -m + 16. Let k be f(15). What is the units digit of 2315/15 - k/3?
4
Let c = 59 - 40. Suppose -2*j + h - 34 = j, 0 = 4*j + 2*h + 32. Let z = j + c. What is the units digit of z?
9
Suppose -s - 8 + 19 = 0. Let z = -14 + s. What is the units digit of (z - -10) + -2 + 2?
7
Suppose 2*u = 5*d - 3213, -d = -0*d + 3*u - 646. Suppose 223 = -5*t + d. What is the tens digit of t?
8
Let r = -461 + 775. What is the hundreds digit of r?
3
Let n(o) = -2*o + 2*o - 3*o + 2*o + 9. Let x be n(10). What is the units digit of 2*(-2 + (x - -4))?
2
Suppose -2*r - 4*t = -412 - 3608, t = -4*r + 8040. What is the tens digit of r?
1
Let b = 8 + -11. Let u(s) = 3*s + 7. Let d(z) = 3*z + 7. Let v(i) = b*d(i) + 4*u(i). What is the tens digit of v(6)?
2
What is the hundreds digit of 1754/6*(5 + 7 - 9)?
8
Suppose -7*v + 567 = -1008. What is the tens digit of v?
2
Suppose -4*i = -4*k + 13 + 19, -2*k + 32 = -4*i. Let f(m) be the second derivative of m**4/12 + 3*m**3/2 + 6*m**2 + 27*m. What is the units digit of f(i)?
4
Suppose -3*g + 5*g = -12. Let k(q) = -q**3 - 7*q**2 - 6*q + 8. Let o be k(g). Suppose 18 = 5*y + o. What is the units digit of y?
2
What is the units digit of (66/(-21))/(-11)*2051?
6
Let j = 9 - -10. Let b = -17 + j. Suppose -3*v + 116 = b*u, -5*v - 70 = -2*u + 14. What is the units digit of u?
2
Suppose 16*y - 3359 - 705 = 0. What is the tens digit of y?
5
Let d = 246 - 137. Let q = d + -31. What is the units digit of q?
8
Suppose -27001 = 31*p - 62*p. What is the units digit of p?
1
Let w = 2753 - 1852. What is the tens digit of w?
0
Suppose 6*m = 8*m - 940. Let t = m - 255. What is the tens digit of t?
1
Let z(s) = 6*s**2 + 15*s - 8. Let h(d) = -5*d**2 - 14*d + 8. Let y(k) = 5*h(k) + 4*z(k). Suppose 3*n + 0*n + 24 = 0. What is the tens digit of y(n)?
2
Let l(z) = z**3 + 7*z**2 + 14*z - 44. What is the hundreds digit of l(7)?
7
Suppose -11 = 2*o - 3. Let j be (-33)/o + 8/(-32). Suppose -q + 8 = -j. What is the units digit of q?
6
Let k be 0/(-4) + (0 - -23). Let l = 63 + k. Let w = -56 + l. What is the tens digit of w?
3
Suppose 0 = 5*x + 2*z - 2763, 559 = x - 11*z + 13*z. What is the units digit of x?
1
Suppose 0*w = -3*w + 12. What is the hundreds digit of -3*(3069/(-54) + 2/w)?
1
Let u(p) = -p**2 + 2*p + 8. Let n be u(4). Suppose 2*b + 3*q + 67 = 3*b, 4*b + 5*q - 336 = n. What is the tens digit of b?
7
Let k = -8 - -20. Let g be 21/(-35) - 226/(-10). Let l = g - k. What is the units digit of l?
0
Let v(z) = 3*z - 18. Let q(s) = s**2 + 4. Let y be q(-3). Let m be (y + 0)/(3/3). What is the units digit of v(m)?
1
Suppose 24 = -f - 18. What is the tens digit of f/(-35)*1/(6/380)?
7
What is the hundreds digit of (-61)/(0 - 2/10)?
3
Let f = -17 - -22. Suppose -60 = -f*o - 0*o. What is the tens digit of o?
1
Suppose 11*h + 6*h = 10251. What is the tens digit of h?
0
Let z be (48/(-36))/((-1)/9). Suppose -3*a + z = -6*a. Let f = 18 + a. What is the units digit of f?
4
Let m = 707 + -658. What is the tens digit of m?
4
Let q(h) = -2*h + 30. Let g = -44 + 58. What is the units digit of q(g)?
2
What is the units digit of -4 + (2328 - 0) + 12/2?
0
Suppose 0 = -5*h - 0*h + 35. Let s be 474/h + 24/84. What is the units digit of (-4)/(-8)*s - 3?
1
What is the units digit of (-6525)/(-20) - ((-15)/(-12) - 1)?
6
Let b(r) = 189*r + 48. What is the units digit of b(7)?
1
Suppose -2*q - 3*q + 15 = 0. Let l be 8/(-10)*20/(-8). Suppose -1 = 3*g - 10, q*i + l*g = 27. What is the units digit of i?
7
Let a = -8 - 5. Let q = -14 - a. What is the units digit of -4 - q - (-40 + 2)?
5
Let j(y) = y**3 - 2*y**2 - 17*y - 4. Let b be j(5). Let n = b + 25. What is the units digit of n?
1
Let f(h) = h**3 + 11*h**2 + 9*h - 1. Let s(c) be the third derivative of -c**5/30 - c**4/6 - 2*c**3/3 + c**2. Let l be s(-3). What is the units digit of f(l)?
9
Let o(v) = 33 + 42 + v - v**2 - 9. Let q be o(0). Suppose 3*d = -3*a + q, 2*d + 3*a - 16 = d. What is the units digit of d?
5
Let v(w) = w**3 + 8*w**2 + 6*w + 5. Let a be v(-7). Suppose -2*x - a = -x. What is the units digit of ((-2)/(-8))/((-3)/x)?
1
What is the hundreds digit of (-1)/(-3) + 438945/117?
7
Suppose 0 = 4*u, 2*u + 6537 = 34*t - 33*t. What is the hundreds digit of t?
5
Let q = -18 + 12. Let y(s) = -s**2 - 12*s. What is the tens digit of y(q)?
3
Suppose -5*c - 3833 = -4*q - 18307, -c - 5*q = -2889. What is the tens digit of c?
9
Let x(k) = 110*k + 14. Let c be x(2). Let q = 389 - c. What is the hundreds digit of q?
1
Suppose 2*d - 3*d = -1. Let l be 0*(d - (-2 + 2)). Suppose 6*v - 163 - 119 = l. What is the tens digit of v?
4
Let y(d) = 3*d**3 + d**2 - 3*d - 21. What is the hundreds digit of y(4)?
1
